{"version":"1.0","provider_name":"Citadel Music Festival","provider_url":"https:\/\/citadel-music-festival.de\/en","author_name":"MK","author_url":"https:\/\/citadel-music-festival.de\/en\/author\/mario-karasch","title":"Bj\u00f6rk - Citadel Music Festival","type":"rich","width":600,"height":338,"html":"<blockquote class=\"wp-embedded-content\" data-secret=\"nqpvyYZePr\"><a href=\"https:\/\/citadel-music-festival.de\/en\/event\/2015-08-02-bjoerk\">Bj\u00f6rk<\/a><\/blockquote><iframe sandbox=\"allow-scripts\" security=\"restricted\" src=\"https:\/\/citadel-music-festival.de\/en\/event\/2015-08-02-bjoerk\/embed#?secret=nqpvyYZePr\" width=\"600\" height=\"338\" title=\"&#8220;Bj\u00f6rk&#8221; &#8212; Citadel Music Festival\" data-secret=\"nqpvyYZePr\" frameborder=\"0\" marginwidth=\"0\" marginheight=\"0\" scrolling=\"no\" class=\"wp-embedded-content\"><\/iframe><script>\n\/*! This file is auto-generated *\/\n!function(d,l){\"use strict\";l.querySelector&&d.addEventListener&&\"undefined\"!=typeof URL&&(d.wp=d.wp||{},d.wp.receiveEmbedMessage||(d.wp.receiveEmbedMessage=function(e){var t=e.data;if((t||t.secret||t.message||t.value)&&!\/[^a-zA-Z0-9]\/.test(t.secret)){for(var s,r,n,a=l.querySelectorAll('iframe[data-secret=\"'+t.secret+'\"]'),o=l.querySelectorAll('blockquote[data-secret=\"'+t.secret+'\"]'),c=new RegExp(\"^https?:$\",\"i\"),i=0;i<o.length;i++)o[i].style.display=\"none\";for(i=0;i<a.length;i++)s=a[i],e.source===s.contentWindow&&(s.removeAttribute(\"style\"),\"height\"===t.message?(1e3<(r=parseInt(t.value,10))?r=1e3:~~r<200&&(r=200),s.height=r):\"link\"===t.message&&(r=new URL(s.getAttribute(\"src\")),n=new URL(t.value),c.test(n.protocol))&&n.host===r.host&&l.activeElement===s&&(d.top.location.href=t.value))}},d.addEventListener(\"message\",d.wp.receiveEmbedMessage,!1),l.addEventListener(\"DOMContentLoaded\",function(){for(var e,t,s=l.querySelectorAll(\"iframe.wp-embedded-content\"),r=0;r<s.length;r++)(t=(e=s[r]).getAttribute(\"data-secret\"))||(t=Math.random().toString(36).substring(2,12),e.src+=\"#?secret=\"+t,e.setAttribute(\"data-secret\",t)),e.contentWindow.postMessage({message:\"ready\",secret:t},\"*\")},!1)))}(window,document);\n\/\/# sourceURL=https:\/\/citadel-music-festival.de\/wp-includes\/js\/wp-embed.min.js\n<\/script>","thumbnail_url":"https:\/\/citadel-music-festival.de\/wp-content\/uploads\/2015\/02\/Bjoerk.jpg","thumbnail_width":500,"thumbnail_height":334,"description":"Obwohl Bj\u00f6rk in der Kunstwelt gleicherma\u00dfen gefeiert wird wie in der Popmusik, hat die Isl\u00e4nderin erst k\u00fcrzlich in einem Interview klargestellt, sie empfinde einen gewissen Stolz darin, in erster Linie Popmusikerin zu sein. Und auch, wenn sie mit einer gro\u00dfen Retrospektive im New Yorker MoMA weiterhin die Grenzen zwischen den beiden Spielarten verwischt, spricht zumindest ... Read more"}

Björk - Citadel Music Festival

<blockquote class="wp-embedded-content" data-secret="nqpvyYZePr"><a href="https://citadel-music-festival.de/en/event/2015-08-02-bjoerk">Björk</a></blockquote><iframe sandbox="allow-scripts" security="restricted" src="https://citadel-music-festival.de/en/event/2015-08-02-bjoerk/embed#?secret=nqpvyYZePr" width="600" height="338" title="&#8220;Björk&#8221; &#8212; Citadel Music Festival" data-secret="nqpvyYZePr" frameborder="0" marginwidth="0" marginheight="0" scrolling="no" class="wp-embedded-content"></iframe><script>
/*! This file is auto-generated */
!function(d,l){"use strict";l.querySelector&&d.addEventListener&&"undefined"!=typeof URL&&(d.wp=d.wp||{},d.wp.receiveEmbedMessage||(d.wp.receiveEmbedMessage=function(e){var t=e.data;if((t||t.secret||t.message||t.value)&&!/[^a-zA-Z0-9]/.test(t.secret)){for(var s,r,n,a=l.querySelectorAll('iframe[data-secret="'+t.secret+'"]'),o=l.querySelectorAll('blockquote[data-secret="'+t.secret+'"]'),c=new RegExp("^https?:$","i"),i=0;i<o.length;i++)o[i].style.display="none";for(i=0;i<a.length;i++)s=a[i],e.source===s.contentWindow&&(s.removeAttribute("style"),"height"===t.message?(1e3<(r=parseInt(t.value,10))?r=1e3:~~r<200&&(r=200),s.height=r):"link"===t.message&&(r=new URL(s.getAttribute("src")),n=new URL(t.value),c.test(n.protocol))&&n.host===r.host&&l.activeElement===s&&(d.top.location.href=t.value))}},d.addEventListener("message",d.wp.receiveEmbedMessage,!1),l.addEventListener("DOMContentLoaded",function(){for(var e,t,s=l.querySelectorAll("iframe.wp-embedded-content"),r=0;r<s.length;r++)(t=(e=s[r]).getAttribute("data-secret"))||(t=Math.random().toString(36).substring(2,12),e.src+="#?secret="+t,e.setAttribute("data-secret",t)),e.contentWindow.postMessage({message:"ready",secret:t},"*")},!1)))}(window,document);
//# sourceURL=https://citadel-music-festival.de/wp-includes/js/wp-embed.min.js
</script>

Obwohl Björk in der Kunstwelt gleichermaßen gefeiert wird wie in der Popmusik, hat die Isländerin erst kürzlich in einem Interview klargestellt, sie empfinde einen gewissen Stolz darin, in erster Linie Popmusikerin zu sein. Und auch, wenn sie mit einer großen Retrospektive im New Yorker MoMA weiterhin die Grenzen zwischen den beiden Spielarten verwischt, spricht zumindest ... Read more
