{"version":"1.0","provider_name":"Citadel Music Festival","provider_url":"https:\/\/citadel-music-festival.de\/en","author_name":"MK","author_url":"https:\/\/citadel-music-festival.de\/en\/author\/mario-karasch","title":"Loreena McKennitt - Citadel Music Festival","type":"rich","width":600,"height":338,"html":"<blockquote class=\"wp-embedded-content\" data-secret=\"mE7n7AmqbR\"><a href=\"https:\/\/citadel-music-festival.de\/en\/event\/2019-07-16-loreena-mckennitt\">Loreena McKennitt<\/a><\/blockquote><iframe sandbox=\"allow-scripts\" security=\"restricted\" src=\"https:\/\/citadel-music-festival.de\/en\/event\/2019-07-16-loreena-mckennitt\/embed#?secret=mE7n7AmqbR\" width=\"600\" height=\"338\" title=\"&#8220;Loreena McKennitt&#8221; &#8212; Citadel Music Festival\" data-secret=\"mE7n7AmqbR\" frameborder=\"0\" marginwidth=\"0\" marginheight=\"0\" scrolling=\"no\" class=\"wp-embedded-content\"><\/iframe><script>\n\/*! This file is auto-generated *\/\n!function(d,l){\"use strict\";l.querySelector&&d.addEventListener&&\"undefined\"!=typeof URL&&(d.wp=d.wp||{},d.wp.receiveEmbedMessage||(d.wp.receiveEmbedMessage=function(e){var t=e.data;if((t||t.secret||t.message||t.value)&&!\/[^a-zA-Z0-9]\/.test(t.secret)){for(var s,r,n,a=l.querySelectorAll('iframe[data-secret=\"'+t.secret+'\"]'),o=l.querySelectorAll('blockquote[data-secret=\"'+t.secret+'\"]'),c=new RegExp(\"^https?:$\",\"i\"),i=0;i<o.length;i++)o[i].style.display=\"none\";for(i=0;i<a.length;i++)s=a[i],e.source===s.contentWindow&&(s.removeAttribute(\"style\"),\"height\"===t.message?(1e3<(r=parseInt(t.value,10))?r=1e3:~~r<200&&(r=200),s.height=r):\"link\"===t.message&&(r=new URL(s.getAttribute(\"src\")),n=new URL(t.value),c.test(n.protocol))&&n.host===r.host&&l.activeElement===s&&(d.top.location.href=t.value))}},d.addEventListener(\"message\",d.wp.receiveEmbedMessage,!1),l.addEventListener(\"DOMContentLoaded\",function(){for(var e,t,s=l.querySelectorAll(\"iframe.wp-embedded-content\"),r=0;r<s.length;r++)(t=(e=s[r]).getAttribute(\"data-secret\"))||(t=Math.random().toString(36).substring(2,12),e.src+=\"#?secret=\"+t,e.setAttribute(\"data-secret\",t)),e.contentWindow.postMessage({message:\"ready\",secret:t},\"*\")},!1)))}(window,document);\n\/\/# sourceURL=https:\/\/citadel-music-festival.de\/wp-includes\/js\/wp-embed.min.js\n<\/script>","thumbnail_url":"https:\/\/citadel-music-festival.de\/wp-content\/uploads\/2018\/11\/Pressebild_-_Richard_Haughton_-_lm-c_2207-medium.jpg","thumbnail_width":1200,"thumbnail_height":800,"description":"Loreena McKennitt im Sommer Open Air Seit \u00fcber drei Jahrzehnten erkundet die kanadische K\u00fcnstlerin Loreena McKennitt die vielf\u00e4ltigen Aspekte keltischer Musik. Scheinbar m\u00fchelos vereint sie instrumentale wie gesangliche Perfektion und Emotionen zu einem Klangkost\u00fcm, das den H\u00f6rer verzaubert. Die leidenschaftliche Globetrotterin pr\u00e4sentiert sich im Sommer 2019 Open Air und auf Festivals. Vom 14. bis 18. ... Read more"}

Loreena McKennitt im Sommer Open Air Seit über drei Jahrzehnten erkundet die kanadische Künstlerin Loreena McKennitt die vielfältigen Aspekte keltischer Musik. Scheinbar mühelos vereint sie instrumentale wie gesangliche Perfektion und Emotionen zu einem Klangkostüm, das den Hörer verzaubert. Die leidenschaftliche Globetrotterin präsentiert sich im Sommer 2019 Open Air und auf Festivals. Vom 14. bis 18. ... Read more
